te the greatest common divisor of 40 and n.
8
Let c = -22 + 31. What is the highest common divisor of 6 and c?
3
Let y(z) = z**3 - z**2 - z + 121. Let o(h) = h**2 - 11*h + 18. Let x be o(9). Let k be y(x). What is the highest common divisor of k and 11?
11
Suppose 6*x - 3*x = 231. Let l(v) = 3*v - 2. Let a = 2 + 1. Let z be l(a). Calculate the highest common divisor of x and z.
7
Let k = 172 - -16. Let z = k + -92. Suppose 2*d + 3*d - 3*j = 48, 0 = 4*j - 16. Calculate the highest common divisor of z and d.
12
Let k be (-1)/(-4 + (-177)/(-45)). What is the highest common divisor of 5 and k?
5
Let m = 11 - 3. Let r = -4 + 6. Let w be r/6 - 213/(-9). Calculate the greatest common divisor of w and m.
8
Let w(p) = -p - 5. Let i be w(4). Let v = i - -13. Calculate the greatest common divisor of 2 and v.
2
Suppose 4*i - i = -c + 43, -2*c - 4 = 0. Calculate the greatest common divisor of 105 and i.
15
Let h be 2*(59/6 + (-4)/12). Calculate the highest common divisor of h and 95.
19
Let l = 156 + -79. Let f = 0 + -2. Let d be 2 - f/(2/9). What is the highest common factor of d and l?
11
Suppose 0 = l + 3*l + 24. Let o be -3*16/l + -3. What is the highest common divisor of o and 5?
5
Suppose -4*o + 89 - 9 = 0. Calculate the greatest common divisor of 4 and o.
4
Let q = -86 - -120. Let d(j) = -j - 3. Let m be d(-6). Suppose 5*t - m = 4*g + q, -5*t + g = -28. What is the greatest common factor of t and 5?
5
Let v = 7 - 10. Let y = v - -6. Suppose r - 4 = -f + 3*r, -y*r - 15 = -3*f. Calculate the highest common factor of 6 and f.
6
Let t be (-673)/(-5) + 2/5. Suppose -2*o = -3*o + 7. Let z be (-4 - -5) + 2*o. Calculate the greatest common factor of z and t.
15
Suppose -3 = -2*w + w. What is the greatest common factor of 33 and w?
3
Let o(r) = -r**2 + 16*r - 20. Let k be o(14). Calculate the highest common factor of 200 and k.
8
Suppose -3*g - 7*z + 42 = -4*z, 70 = 5*g - 5*z. What is the greatest common factor of g and 98?
14
Suppose -10*f + 11*f = 24. Let y be (0 - -2)*(-16)/(-4). Calculate the highest common divisor of f and y.
8
Let h(p) = -p + 1 + 2*p + 0*p. Let j = 12 + -8. Let b be h(j). What is the highest common factor of b and 35?
5
Let u = -5 - -123. Let x = u + -55. Calculate the highest common factor of 21 and x.
21
Let y be ((-161)/(-92))/((-2)/(-32)). Calculate the highest common factor of y and 28.
28
Suppose -f = -4*t + 4 - 63, 3*f = -4*t + 97. Calculate the highest common divisor of 13 and f.
13
Let o be 8/(-5) + 10/(-25). Let i be 1*-1 + 4 + o. Let k be 20 + i + (-4)/2. Calculate the greatest common divisor of k and 76.
19
Suppose 5*x - 110 + 1008 = 3*z, 2*x + 600 = 2*z. Suppose -13 + z = 2*u. Calculate the greatest common factor of u and 16.
16
Let w be 3/(-1*(-4)/28). Calculate the greatest common divisor of w and 21.
21
Suppose 0 = -2*s + 17 - 7. Suppose -s*v + 3*i + 265 = 0, -20 = 3*v + 3*i - 155. Calculate the highest common factor of v and 10.
10
Suppose -3*c = 5*t - 49, -3*c + 3*t - 32 = -5*c. What is the greatest common divisor of 52 and c?
13
Let l(v) = -75*v. Let d be l(-2). Suppose 4*k = 6*k - d. Calculate the highest common divisor of k and 25.
25
Let c(j) = -j**3 - 2*j**2 - 5*j - 4. Let p be c(-3). Calculate the greatest common factor of 180 and p.
20
Let d(k) = 2*k - 8. Let x be d(6). Suppose 3*w - x*w = 0. Suppose w = -7*f + 2*f + 45. Calculate the highest common factor of 99 and f.
9
Let b(k) = k**2 - 5*k - 6. Let d be b(12). Calculate the greatest common divisor of 104 and d.
26
Suppose -4*v - 4*j = 524, -5*v - 695 = -2*j - j. Let t = v + 208. Calculate the greatest common factor of 8 and t.
8
Let v be 44/(-3 + 4 + 1). Let j(p) = p - 3. Let q be j(8). Suppose h - 6*h + 145 = -q*s, 3*s - 177 = -5*h. Calculate the greatest common divisor of h and v.
11
Suppose -2*o + 2*q = 10, 0 = 7*q - 2*q + 10. Let d(p) = p + 10. Let u be d(o). Let i be 3/u + 0 + 54. What is the greatest common factor of i and 22?
11
Let p(x) = 3*x + 1. Let k be (-14)/4 + (-3)/(-2). Let n be p(k). Let d(r) = -r**2 - 8*r - 4. Let f be d(n). What is the greatest common factor of 88 and f?
11
Suppose 5 = -0*j - j. Let n = 18 + -21. Let c be (21 + j)/((-2)/n). Calculate the greatest common divisor of 12 and c.
12
Suppose 3*x + 2*x = 95. Calculate the highest common factor of 76 and x.
19
Let j = 47 - 40. Calculate the greatest common factor of 35 and j.
7
Suppose -3*c + 13 + 65 = 0. Suppose 2*n = -3*m + 90, -2*m - 31 = n - 2*n. Calculate the greatest common factor of n and c.
13
Let x(k) = -3*k**2 - 2*k + 7. Let w(a) = 2*a**2 + a - 5. Let o(l) = -7*w(l) - 5*x(l). Let i be o(-5). Calculate the greatest common factor of 1 and i.
1
Let c = -12 + 25. Let y = c + -9. Calculate the highest common factor of 4 and y.
4
Suppose 2*y - c - 89 = -6*c, -3*c + 3 = 0. Calculate the greatest common divisor of y and 7.
7
Let s(q) = -4*q + 1. Let b be s(-2). Let o be 1 + -1 + 2 - 0. Let z(i) = 24*i**2 - 4*i + 2. Let u be z(o). Calculate the highest common divisor of b and u.
9
Suppose 3*m - 21 = 6*j - 3*j, 5*j + 59 = -3*m. Let g = j - -6. Let p be (-3 - 30/g)*14. Calculate the highest common factor of p and 9.
9
Suppose -l = -3*l. Let w = 11 + l. What is the greatest common factor of 44 and w?
11
Suppose -2*u + 1 = -13. Calculate the greatest common divisor of 35 and u.
7
Let p = -5 - -65. Suppose -73 = -3*u - 1. What is the greatest common factor of u and p?
12
Let n(c) = 31*c**3 + c**2 + 2*c - 2. Let z be n(1). Calculate the greatest common divisor of z and 32.
32
Let i = -73 - -108. Suppose -w - i = -6*w. What is the greatest common divisor of w and 7?
7
Let u(q) = q**2 + 1. Let y(j) = -3*j**2 - 8*j + 11. Let t(l) = 2*u(l) + y(l). Let v be t(-9). Calculate the greatest common divisor of 28 and v.
4
Suppose l + 2 = 6. Suppose -4*w - 4*k + 395 = -3*k, 2*k - 398 = -l*w. Calculate the highest common divisor of 14 and w.
14
Let o(a) = -7*a - a**2 + 5 + 1 - 10 - 6*a. Let y = -30 - -20. Let k be o(y). What is the highest common divisor of k and 208?
26
Suppose 2 = 2*o, -c + 3*o + 0*o - 1 = 0. Let t = 5 - 3. Calculate the highest common factor of c and t.
2
Let m(g) = 6 + 0*g + 2*g**2 + g**2 - 3 + 5*g. Let w be m(-3). What is the greatest common factor of 5 and w?
5
Let q(k) = -k**2 + 7*k - 4. Let u be q(6). Let c be (-2)/(-1)*7*u. What is the highest common divisor of 7 and c?
7
Let z be 7/(-14) - (-22)/(-4). Let h be 4/2*(-27)/z. Calculate the highest common factor of h and 27.
9
Suppose 0 = -3*o + 6*o + 12. Let u = o + 10. Let f be 50/13 + (-20)/(-130). What is the greatest common factor of f and u?
2
Let l = 6 - 2. Suppose 1 = -3*s + l. What is the highest common divisor of 5 and s?
1
Suppose 2*g - 2*j = 28, g + 31 = 5*g + j. What is the highest common divisor of 36 and g?
9
Let d(s) = -s**2 + s + 30. Suppose 0 = 5*n - 2*n. Let k be d(n). Calculate the greatest common divisor of 10 and k.
10
Let b(m) = 2*m**2 + 6*m + 4. Let v be b(-4). Let c = 0 - -3. Suppose 18 + 6 = c*d. Calculate the highest common divisor of v and d.
4
Let o(f) = -f**2 + 12*f + 28. Let k be o(13). Suppose -2*l = 2*i - 68, 5*l = 4*i + 34 + 100. What is the highest common factor of k and l?
15
Let c(f) = -2 + 0*f**3 + f**3 + 3. Let v be c(1). Suppose -4*x + 26 = -v*x. Calculate the highest common factor of 26 and x.
13
Suppose -2*c = -6*c. Let w(j) = j - 2*j - 20 + 111. Let k be w(c). Calculate the greatest common divisor of 13 and k.
13
Let q(f) = 17*f**2 + f + 2. Let m(i) = 33*i**2 + 2*i + 5. Let w(t) = -2*m(t) + 5*q(t). Let r be w(-1). What is the greatest common divisor of r and 6?
6
Let m(v) = 64*v - 2. Let g be m(2). Let d be ((-3)/(-6))/(1/g). Calculate the highest common factor of d and 7.
7
Let z = -20 + 22. Let y be (56 - -12) + -1*z. What is the highest common divisor of 6 and y?
6
Let d(w) = w**2 + 7*w - 38. Let n be d(7). Calculate the highest common factor of 15 and n.
15
Suppose 4*q - 324 = q. What is the greatest common factor of q and 27?
27
Suppose t + 13 - 9 = 0. Let l = t + 16. Suppose 0 = -0*m + 4*m - 72. Calculate the greatest common factor of l and m.
6
Let p = 70 + -30. What is the greatest common factor of 100 and p?
20
Let z = 13 + -11. Suppose 3 = 3*y - 6. Calculate the greatest common divisor of z and y.
1
Suppose 4*f - 6*f = -20. Suppose 3*j + 5 + 10 = 0, 5*s = 2*j + 180. Supp